{"id":3096,"date":"2020-01-15T18:30:38","date_gmt":"2020-01-15T23:30:38","guid":{"rendered":"http:\/\/search4.co\/proveedores\/how-it-works\/"},"modified":"2020-02-12T17:45:50","modified_gmt":"2020-02-12T22:45:50","slug":"quienes-somos","status":"publish","type":"page","link":"https:\/\/search4.co\/proveedores\/quienes-somos\/","title":{"rendered":"Qui\u00e9nes somos"},"content":{"rendered":"<p><img loading=\"lazy\" decoding=\"async\" class=\"size-medium wp-image-3227 aligncenter\" src=\"http:\/\/search4.co\/proveedores\/wp-content\/uploads\/2020\/01\/Logo-Search41-300x88.png\" alt=\"\" width=\"300\" height=\"88\" srcset=\"https:\/\/search4.co\/proveedores\/wp-content\/uploads\/2020\/01\/Logo-Search41-300x88.png 300w, https:\/\/search4.co\/proveedores\/wp-content\/uploads\/2020\/01\/Logo-Search41-400x117.png 400w, https:\/\/search4.co\/proveedores\/wp-content\/uploads\/2020\/01\/Logo-Search41.png 553w\" sizes=\"auto, (max-width: 300px) 100vw, 300px\" \/><\/p>\n<p><strong>Search4 Proveedores<\/strong>\u00a0 es el nuevo directorio digital que re\u00fane en un s\u00f3lo sitio a los mejores proveedores de la industria tur\u00edstica y hotelera.<\/p>\n<p>Desde el a\u00f1o 2.019 comenzamos a contactar a varios <strong>jefes de compras y de almac\u00e9n<\/strong> de hoteles peque\u00f1os,\u00a0 operadoras y de cadenas nacionales e internacionales\u00a0 de marcas como Hotel Bogota 100,\u00a0 Hotel Garden Inn by Hilton, Hotel Grand Park,\u00a0 Ibis, Marriott, entre otros\u00a0 y as\u00ed fuimos reuniendo sus <strong>proveedores recomendados.\u00a0<\/strong><\/p>\n<p>Esa es nuestra decisi\u00f3n formal. Inventamos <strong>Search4.co<\/strong> porque no exist\u00eda un portal que reuniera a los <strong>proveedores<\/strong>\u00a0 preferidos de la industria tur\u00edstica y hotelera.<\/p>\n<p><strong>Search4.co Proveedores<\/strong> hace posible una nueva manera de hacer negocios.\u00a0<\/p>\n<h4><a href=\"http:\/\/www.linkedin.com\/in\/reynaldomora\/\">Reynaldo Mora<\/a><\/h4>\n<p><img loading=\"lazy\" decoding=\"async\" class=\" wp-image-3658 alignleft\" src=\"http:\/\/search4.co\/proveedores\/wp-content\/uploads\/2020\/01\/Reynaldo-Mora-225x300.png\" alt=\"Reynal Mora, Director\" width=\"132\" height=\"176\" srcset=\"https:\/\/search4.co\/proveedores\/wp-content\/uploads\/2020\/01\/Reynaldo-Mora-225x300.png 225w, https:\/\/search4.co\/proveedores\/wp-content\/uploads\/2020\/01\/Reynaldo-Mora-400x533.png 400w, https:\/\/search4.co\/proveedores\/wp-content\/uploads\/2020\/01\/Reynaldo-Mora.png 675w\" sizes=\"auto, (max-width: 132px) 100vw, 132px\" \/>Mi experiencia profesional ha sido enriquecida en el mundo tur\u00edstico y hotelero, principalmente en \u00e1reas de servicio al cliente, mercadeo y ventas en la ciudad de Bogot\u00e1.\u00a0<\/p>\n<p>Soy el director y fundador de <a href=\"http:\/\/search4.co\">search4.co<\/a> y con nuestro equipo ofrecemos servicios de alto valor a la industria hotelera. En el a\u00f1o 2.016 lanzamos el\u00a0 portal de empleo especializado en hoteler\u00eda y turismo avalados por Cotelco Nacional y el Servicio P\u00fablico de Empleo.\u00a0\u00a0<\/p>\n<p>Valoramos que est\u00e9s ac\u00e1 y que conf\u00edes en Search4.co.\u00a0<\/p>\n<p style=\"text-align: center;\"><a class=\"maxbutton-2 maxbutton maxbutton-conoce-nuestros-planes\" title=\"Conoce nuestros planes\" href=\"https:\/\/search4.co\/proveedores\/precio-planes\/\"><span class='mb-text'>Conoce nuestros planes<\/span><\/a><\/p><p><\/p>","protected":false},"excerpt":{"rendered":"<p>Search4 Proveedores\u00a0 es el nuevo directorio digital que re\u00fane en un s\u00f3lo sitio a los mejores proveedores de la industria tur\u00edstica y hotelera. Desde el a\u00f1o 2.019 comenzamos a contactar a varios jefes de compras y de almac\u00e9n de hoteles peque\u00f1os,\u00a0 operadoras y de cadenas nacionales e internacionales\u00a0 de marcas como Hotel Bogota 100,\u00a0 Hotel&hellip;<\/p>\n","protected":false},"author":1,"featured_media":3661,"parent":0,"menu_order":0,"comment_status":"closed","ping_status":"closed","template":"page-templates\/template-single-column.php","meta":{"footnotes":""},"class_list":["post-3096","page","type-page","status-publish","has-post-thumbnail","hentry","content-box content-box-wrapper"],"yoast_head":"<!-- This site is optimized with the Yoast SEO plugin v26.9 - https:\/\/yoast.com\/product\/yoast-seo-wordpress\/ -->\n<title>Qui\u00e9nes somos - Search4.co\/Proveedores<\/title>\n<meta name=\"robots\" content=\"index, follow, max-snippet:-1, max-image-preview:large, max-video-preview:-1\" \/>\n<link rel=\"canonical\" href=\"https:\/\/search4.co\/proveedores\/quienes-somos\/\" \/>\n<meta property=\"og:locale\" content=\"es_ES\" \/>\n<meta property=\"og:type\" content=\"article\" \/>\n<meta property=\"og:title\" content=\"Qui\u00e9nes somos - Search4.co\/Proveedores\" \/>\n<meta property=\"og:description\" content=\"Search4 Proveedores\u00a0 es el nuevo directorio digital que re\u00fane en un s\u00f3lo sitio a los mejores proveedores de la industria tur\u00edstica y hotelera. Desde el a\u00f1o 2.019 comenzamos a contactar a varios jefes de compras y de almac\u00e9n de hoteles peque\u00f1os,\u00a0 operadoras y de cadenas nacionales e internacionales\u00a0 de marcas como Hotel Bogota 100,\u00a0 Hotel&hellip;\" \/>\n<meta property=\"og:url\" content=\"https:\/\/search4.co\/proveedores\/quienes-somos\/\" \/>\n<meta property=\"og:site_name\" content=\"Search4.co\/Proveedores\" \/>\n<meta property=\"article:modified_time\" content=\"2020-02-12T22:45:50+00:00\" \/>\n<meta property=\"og:image\" content=\"https:\/\/search4.co\/proveedores\/wp-content\/uploads\/2020\/01\/HSKP2018-scaled.jpg\" \/>\n\t<meta property=\"og:image:width\" content=\"2560\" \/>\n\t<meta property=\"og:image:height\" content=\"1044\" \/>\n\t<meta property=\"og:image:type\" content=\"image\/jpeg\" \/>\n<meta name=\"twitter:card\" content=\"summary_large_image\" \/>\n<meta name=\"twitter:label1\" content=\"Tiempo de lectura\" \/>\n\t<meta name=\"twitter:data1\" content=\"1 minuto\" \/>\n<script type=\"application\/ld+json\" class=\"yoast-schema-graph\">{\"@context\":\"https:\/\/schema.org\",\"@graph\":[{\"@type\":\"WebPage\",\"@id\":\"https:\/\/search4.co\/proveedores\/quienes-somos\/\",\"url\":\"https:\/\/search4.co\/proveedores\/quienes-somos\/\",\"name\":\"Qui\u00e9nes somos - Search4.co\/Proveedores\",\"isPartOf\":{\"@id\":\"https:\/\/search4.co\/proveedores\/#website\"},\"primaryImageOfPage\":{\"@id\":\"https:\/\/search4.co\/proveedores\/quienes-somos\/#primaryimage\"},\"image\":{\"@id\":\"https:\/\/search4.co\/proveedores\/quienes-somos\/#primaryimage\"},\"thumbnailUrl\":\"https:\/\/search4.co\/proveedores\/wp-content\/uploads\/2020\/01\/HSKP2018-scaled.jpg\",\"datePublished\":\"2020-01-15T23:30:38+00:00\",\"dateModified\":\"2020-02-12T22:45:50+00:00\",\"breadcrumb\":{\"@id\":\"https:\/\/search4.co\/proveedores\/quienes-somos\/#breadcrumb\"},\"inLanguage\":\"es\",\"potentialAction\":[{\"@type\":\"ReadAction\",\"target\":[\"https:\/\/search4.co\/proveedores\/quienes-somos\/\"]}]},{\"@type\":\"ImageObject\",\"inLanguage\":\"es\",\"@id\":\"https:\/\/search4.co\/proveedores\/quienes-somos\/#primaryimage\",\"url\":\"https:\/\/search4.co\/proveedores\/wp-content\/uploads\/2020\/01\/HSKP2018-scaled.jpg\",\"contentUrl\":\"https:\/\/search4.co\/proveedores\/wp-content\/uploads\/2020\/01\/HSKP2018-scaled.jpg\",\"width\":2560,\"height\":1044,\"caption\":\"HSKP Summit 2018\"},{\"@type\":\"BreadcrumbList\",\"@id\":\"https:\/\/search4.co\/proveedores\/quienes-somos\/#breadcrumb\",\"itemListElement\":[{\"@type\":\"ListItem\",\"position\":1,\"name\":\"Home\",\"item\":\"https:\/\/search4.co\/proveedores\/\"},{\"@type\":\"ListItem\",\"position\":2,\"name\":\"Qui\u00e9nes somos\"}]},{\"@type\":\"WebSite\",\"@id\":\"https:\/\/search4.co\/proveedores\/#website\",\"url\":\"https:\/\/search4.co\/proveedores\/\",\"name\":\"Search4.co\/Proveedores\",\"description\":\"search4\",\"publisher\":{\"@id\":\"https:\/\/search4.co\/proveedores\/#organization\"},\"potentialAction\":[{\"@type\":\"SearchAction\",\"target\":{\"@type\":\"EntryPoint\",\"urlTemplate\":\"https:\/\/search4.co\/proveedores\/?s={search_term_string}\"},\"query-input\":{\"@type\":\"PropertyValueSpecification\",\"valueRequired\":true,\"valueName\":\"search_term_string\"}}],\"inLanguage\":\"es\"},{\"@type\":\"Organization\",\"@id\":\"https:\/\/search4.co\/proveedores\/#organization\",\"name\":\"Search4.co\/Proveedores\",\"url\":\"https:\/\/search4.co\/proveedores\/\",\"logo\":{\"@type\":\"ImageObject\",\"inLanguage\":\"es\",\"@id\":\"https:\/\/search4.co\/proveedores\/#\/schema\/logo\/image\/\",\"url\":\"https:\/\/search4.co\/proveedores\/wp-content\/uploads\/2020\/01\/cropped-Logo-Search41-1.png\",\"contentUrl\":\"https:\/\/search4.co\/proveedores\/wp-content\/uploads\/2020\/01\/cropped-Logo-Search41-1.png\",\"width\":307,\"height\":90,\"caption\":\"Search4.co\/Proveedores\"},\"image\":{\"@id\":\"https:\/\/search4.co\/proveedores\/#\/schema\/logo\/image\/\"}}]}<\/script>\n<!-- \/ Yoast SEO plugin. -->","yoast_head_json":{"title":"Qui\u00e9nes somos - Search4.co\/Proveedores","robots":{"index":"index","follow":"follow","max-snippet":"max-snippet:-1","max-image-preview":"max-image-preview:large","max-video-preview":"max-video-preview:-1"},"canonical":"https:\/\/search4.co\/proveedores\/quienes-somos\/","og_locale":"es_ES","og_type":"article","og_title":"Qui\u00e9nes somos - Search4.co\/Proveedores","og_description":"Search4 Proveedores\u00a0 es el nuevo directorio digital que re\u00fane en un s\u00f3lo sitio a los mejores proveedores de la industria tur\u00edstica y hotelera. Desde el a\u00f1o 2.019 comenzamos a contactar a varios jefes de compras y de almac\u00e9n de hoteles peque\u00f1os,\u00a0 operadoras y de cadenas nacionales e internacionales\u00a0 de marcas como Hotel Bogota 100,\u00a0 Hotel&hellip;","og_url":"https:\/\/search4.co\/proveedores\/quienes-somos\/","og_site_name":"Search4.co\/Proveedores","article_modified_time":"2020-02-12T22:45:50+00:00","og_image":[{"width":2560,"height":1044,"url":"https:\/\/search4.co\/proveedores\/wp-content\/uploads\/2020\/01\/HSKP2018-scaled.jpg","type":"image\/jpeg"}],"twitter_card":"summary_large_image","twitter_misc":{"Tiempo de lectura":"1 minuto"},"schema":{"@context":"https:\/\/schema.org","@graph":[{"@type":"WebPage","@id":"https:\/\/search4.co\/proveedores\/quienes-somos\/","url":"https:\/\/search4.co\/proveedores\/quienes-somos\/","name":"Qui\u00e9nes somos - Search4.co\/Proveedores","isPartOf":{"@id":"https:\/\/search4.co\/proveedores\/#website"},"primaryImageOfPage":{"@id":"https:\/\/search4.co\/proveedores\/quienes-somos\/#primaryimage"},"image":{"@id":"https:\/\/search4.co\/proveedores\/quienes-somos\/#primaryimage"},"thumbnailUrl":"https:\/\/search4.co\/proveedores\/wp-content\/uploads\/2020\/01\/HSKP2018-scaled.jpg","datePublished":"2020-01-15T23:30:38+00:00","dateModified":"2020-02-12T22:45:50+00:00","breadcrumb":{"@id":"https:\/\/search4.co\/proveedores\/quienes-somos\/#breadcrumb"},"inLanguage":"es","potentialAction":[{"@type":"ReadAction","target":["https:\/\/search4.co\/proveedores\/quienes-somos\/"]}]},{"@type":"ImageObject","inLanguage":"es","@id":"https:\/\/search4.co\/proveedores\/quienes-somos\/#primaryimage","url":"https:\/\/search4.co\/proveedores\/wp-content\/uploads\/2020\/01\/HSKP2018-scaled.jpg","contentUrl":"https:\/\/search4.co\/proveedores\/wp-content\/uploads\/2020\/01\/HSKP2018-scaled.jpg","width":2560,"height":1044,"caption":"HSKP Summit 2018"},{"@type":"BreadcrumbList","@id":"https:\/\/search4.co\/proveedores\/quienes-somos\/#breadcrumb","itemListElement":[{"@type":"ListItem","position":1,"name":"Home","item":"https:\/\/search4.co\/proveedores\/"},{"@type":"ListItem","position":2,"name":"Qui\u00e9nes somos"}]},{"@type":"WebSite","@id":"https:\/\/search4.co\/proveedores\/#website","url":"https:\/\/search4.co\/proveedores\/","name":"Search4.co\/Proveedores","description":"search4","publisher":{"@id":"https:\/\/search4.co\/proveedores\/#organization"},"potentialAction":[{"@type":"SearchAction","target":{"@type":"EntryPoint","urlTemplate":"https:\/\/search4.co\/proveedores\/?s={search_term_string}"},"query-input":{"@type":"PropertyValueSpecification","valueRequired":true,"valueName":"search_term_string"}}],"inLanguage":"es"},{"@type":"Organization","@id":"https:\/\/search4.co\/proveedores\/#organization","name":"Search4.co\/Proveedores","url":"https:\/\/search4.co\/proveedores\/","logo":{"@type":"ImageObject","inLanguage":"es","@id":"https:\/\/search4.co\/proveedores\/#\/schema\/logo\/image\/","url":"https:\/\/search4.co\/proveedores\/wp-content\/uploads\/2020\/01\/cropped-Logo-Search41-1.png","contentUrl":"https:\/\/search4.co\/proveedores\/wp-content\/uploads\/2020\/01\/cropped-Logo-Search41-1.png","width":307,"height":90,"caption":"Search4.co\/Proveedores"},"image":{"@id":"https:\/\/search4.co\/proveedores\/#\/schema\/logo\/image\/"}}]}},"_links":{"self":[{"href":"https:\/\/search4.co\/proveedores\/wp-json\/wp\/v2\/pages\/3096","targetHints":{"allow":["GET"]}}],"collection":[{"href":"https:\/\/search4.co\/proveedores\/wp-json\/wp\/v2\/pages"}],"about":[{"href":"https:\/\/search4.co\/proveedores\/wp-json\/wp\/v2\/types\/page"}],"author":[{"embeddable":true,"href":"https:\/\/search4.co\/proveedores\/wp-json\/wp\/v2\/users\/1"}],"replies":[{"embeddable":true,"href":"https:\/\/search4.co\/proveedores\/wp-json\/wp\/v2\/comments?post=3096"}],"version-history":[{"count":52,"href":"https:\/\/search4.co\/proveedores\/wp-json\/wp\/v2\/pages\/3096\/revisions"}],"predecessor-version":[{"id":4919,"href":"https:\/\/search4.co\/proveedores\/wp-json\/wp\/v2\/pages\/3096\/revisions\/4919"}],"wp:featuredmedia":[{"embeddable":true,"href":"https:\/\/search4.co\/proveedores\/wp-json\/wp\/v2\/media\/3661"}],"wp:attachment":[{"href":"https:\/\/search4.co\/proveedores\/wp-json\/wp\/v2\/media?parent=3096"}],"curies":[{"name":"wp","href":"https:\/\/api.w.org\/{rel}","templated":true}]}}